{"id":17605,"date":"2026-09-02T13:19:37","date_gmt":"2026-09-02T13:19:37","guid":{"rendered":"https:\/\/www.kivisepad.ee\/kivi\/dekton-taga\/"},"modified":"2026-09-02T13:19:37","modified_gmt":"2026-09-02T13:19:37","slug":"dekton-taga","status":"publish","type":"stones","link":"https:\/\/www.kivisepad.ee\/sv\/kivi\/dekton-taga\/","title":{"rendered":"Dekton Taga"},"content":{"rendered":"<p>Dekton Taga \u00e4r en elegant keramisk yta med ett skiktat och naturligt m\u00f6nster i varma beige toner. Fina \u00e5dringar med marmork\u00e4nsla och subtila f\u00e4rgvariationer ger ytan djup och ett exklusivt uttryck. Tack vare sin lugna och sofistikerade design passar Taga utm\u00e4rkt i eleganta och moderna interi\u00f6rer.  <\/p>\n<p class=\"PDq2pG_selectionAnchorContainer\">Dektons keramiska ytor \u00e4r utvecklade f\u00f6r intensiv daglig anv\u00e4ndning. Materialet har mycket god motst\u00e5ndskraft mot repor, fl\u00e4ckar, h\u00f6ga temperaturer och UV-str\u00e5lning, vilket g\u00f6r det l\u00e4mpligt f\u00f6r b\u00e5de inom- och utomhusbruk. Tack vare sin h\u00f6ga slitstyrka och enkla sk\u00f6tsel \u00e4r Dekton ett praktiskt val f\u00f6r olika b\u00e4nkskivor, ytor och inredningsdetaljer.  <\/p>\n<p>Stenen \u00e4r endast tillg\u00e4nglig p\u00e5 best\u00e4llning!<\/p>\n","protected":false},"featured_media":17593,"template":"","kivid_category":[400],"rakenduse_jargi":[418,404,410,412,406,408,414],"surface_treatment":[442],"color":[427],"thickness":[436],"brand_category":[],"yoast_head":"<!-- This site is optimized with the Yoast SEO plugin v17.4 - https:\/\/yoast.com\/wordpress\/plugins\/seo\/ -->\n<title>Dekton Taga - Kivisepad<\/title>\n<meta name=\"description\" content=\"Dekton Taga \u00e4r en elegant keramisk yta med ett skiktat och naturligt m\u00f6nster i varma beige toner.\" \/>\n<meta name=\"robots\" content=\"index, follow, max-snippet:-1, max-image-preview:large, max-video-preview:-1\" \/>\n<link rel=\"canonical\" href=\"https:\/\/www.kivisepad.ee\/sv\/kivi\/dekton-taga\/\" \/>\n<meta property=\"og:locale\" content=\"sv_SE\" \/>\n<meta property=\"og:type\" content=\"article\" \/>\n<meta property=\"og:title\" content=\"Dekton Taga - Kivisepad\" \/>\n<meta property=\"og:description\" content=\"Dekton Taga \u00e4r en elegant keramisk yta med ett skiktat och naturligt m\u00f6nster i varma beige toner.\" \/>\n<meta property=\"og:url\" content=\"https:\/\/www.kivisepad.ee\/sv\/kivi\/dekton-taga\/\" \/>\n<meta property=\"og:site_name\" content=\"Kivisepad\" \/>\n<meta property=\"article:publisher\" content=\"https:\/\/www.facebook.com\/profile.php?id=100086398163667\" \/>\n<meta name=\"twitter:card\" content=\"summary_large_image\" \/>\n<meta name=\"twitter:label1\" content=\"Ber\u00e4knad l\u00e4stid\" \/>\n\t<meta name=\"twitter:data1\" content=\"1 minut\" \/>\n<script type=\"application\/ld+json\" class=\"yoast-schema-graph\">{\"@context\":\"https:\/\/schema.org\",\"@graph\":[{\"@type\":\"Organization\",\"@id\":\"https:\/\/www.kivisepad.ee\/sv\/#organization\",\"name\":\"Kivisepad AS\",\"url\":\"https:\/\/www.kivisepad.ee\/sv\/\",\"sameAs\":[\"https:\/\/www.facebook.com\/profile.php?id=100086398163667\",\"https:\/\/www.instagram.com\/kivisepad\/\",\"https:\/\/www.linkedin.com\/in\/kivisepad-as-587552274\/\"],\"logo\":{\"@type\":\"ImageObject\",\"@id\":\"https:\/\/www.kivisepad.ee\/sv\/#logo\",\"inLanguage\":\"sv-SE\",\"url\":\"https:\/\/www.kivisepad.ee\/wp-content\/uploads\/2021\/10\/cropped-Kivisepad_favicon.png\",\"contentUrl\":\"https:\/\/www.kivisepad.ee\/wp-content\/uploads\/2021\/10\/cropped-Kivisepad_favicon.png\",\"width\":512,\"height\":512,\"caption\":\"Kivisepad AS\"},\"image\":{\"@id\":\"https:\/\/www.kivisepad.ee\/sv\/#logo\"}},{\"@type\":\"WebSite\",\"@id\":\"https:\/\/www.kivisepad.ee\/sv\/#website\",\"url\":\"https:\/\/www.kivisepad.ee\/sv\/\",\"name\":\"Kivisepad\",\"description\":\"\",\"publisher\":{\"@id\":\"https:\/\/www.kivisepad.ee\/sv\/#organization\"},\"potentialAction\":[{\"@type\":\"SearchAction\",\"target\":{\"@type\":\"EntryPoint\",\"urlTemplate\":\"https:\/\/www.kivisepad.ee\/sv\/?s={search_term_string}\"},\"query-input\":\"required name=search_term_string\"}],\"inLanguage\":\"sv-SE\"},{\"@type\":\"ImageObject\",\"@id\":\"https:\/\/www.kivisepad.ee\/sv\/kivi\/dekton-taga\/#primaryimage\",\"inLanguage\":\"sv-SE\",\"url\":\"https:\/\/www.kivisepad.ee\/wp-content\/uploads\/2026\/09\/Dekton-Taga.png\",\"contentUrl\":\"https:\/\/www.kivisepad.ee\/wp-content\/uploads\/2026\/09\/Dekton-Taga.png\",\"width\":2186,\"height\":981,\"caption\":\"Dekton Taga\"},{\"@type\":\"WebPage\",\"@id\":\"https:\/\/www.kivisepad.ee\/sv\/kivi\/dekton-taga\/#webpage\",\"url\":\"https:\/\/www.kivisepad.ee\/sv\/kivi\/dekton-taga\/\",\"name\":\"Dekton Taga - Kivisepad\",\"isPartOf\":{\"@id\":\"https:\/\/www.kivisepad.ee\/sv\/#website\"},\"primaryImageOfPage\":{\"@id\":\"https:\/\/www.kivisepad.ee\/sv\/kivi\/dekton-taga\/#primaryimage\"},\"datePublished\":\"2026-09-02T13:19:37+00:00\",\"dateModified\":\"2026-09-02T13:19:37+00:00\",\"description\":\"Dekton Taga \\u00e4r en elegant keramisk yta med ett skiktat och naturligt m\\u00f6nster i varma beige toner.\",\"breadcrumb\":{\"@id\":\"https:\/\/www.kivisepad.ee\/sv\/kivi\/dekton-taga\/#breadcrumb\"},\"inLanguage\":\"sv-SE\",\"potentialAction\":[{\"@type\":\"ReadAction\",\"target\":[\"https:\/\/www.kivisepad.ee\/sv\/kivi\/dekton-taga\/\"]}]},{\"@type\":\"BreadcrumbList\",\"@id\":\"https:\/\/www.kivisepad.ee\/sv\/kivi\/dekton-taga\/#breadcrumb\",\"itemListElement\":[{\"@type\":\"ListItem\",\"position\":1,\"name\":\"Home\",\"item\":\"https:\/\/www.kivisepad.ee\/sv\/\"},{\"@type\":\"ListItem\",\"position\":2,\"name\":\"Dekton Taga\"}]}]}<\/script>\n<!-- \/ Yoast SEO plugin. -->","yoast_head_json":{"title":"Dekton Taga - Kivisepad","description":"Dekton Taga \u00e4r en elegant keramisk yta med ett skiktat och naturligt m\u00f6nster i varma beige toner.","robots":{"index":"index","follow":"follow","max-snippet":"max-snippet:-1","max-image-preview":"max-image-preview:large","max-video-preview":"max-video-preview:-1"},"canonical":"https:\/\/www.kivisepad.ee\/sv\/kivi\/dekton-taga\/","og_locale":"sv_SE","og_type":"article","og_title":"Dekton Taga - Kivisepad","og_description":"Dekton Taga \u00e4r en elegant keramisk yta med ett skiktat och naturligt m\u00f6nster i varma beige toner.","og_url":"https:\/\/www.kivisepad.ee\/sv\/kivi\/dekton-taga\/","og_site_name":"Kivisepad","article_publisher":"https:\/\/www.facebook.com\/profile.php?id=100086398163667","twitter_card":"summary_large_image","twitter_misc":{"Ber\u00e4knad l\u00e4stid":"1 minut"},"schema":{"@context":"https:\/\/schema.org","@graph":[{"@type":"Organization","@id":"https:\/\/www.kivisepad.ee\/sv\/#organization","name":"Kivisepad AS","url":"https:\/\/www.kivisepad.ee\/sv\/","sameAs":["https:\/\/www.facebook.com\/profile.php?id=100086398163667","https:\/\/www.instagram.com\/kivisepad\/","https:\/\/www.linkedin.com\/in\/kivisepad-as-587552274\/"],"logo":{"@type":"ImageObject","@id":"https:\/\/www.kivisepad.ee\/sv\/#logo","inLanguage":"sv-SE","url":"https:\/\/www.kivisepad.ee\/wp-content\/uploads\/2021\/10\/cropped-Kivisepad_favicon.png","contentUrl":"https:\/\/www.kivisepad.ee\/wp-content\/uploads\/2021\/10\/cropped-Kivisepad_favicon.png","width":512,"height":512,"caption":"Kivisepad AS"},"image":{"@id":"https:\/\/www.kivisepad.ee\/sv\/#logo"}},{"@type":"WebSite","@id":"https:\/\/www.kivisepad.ee\/sv\/#website","url":"https:\/\/www.kivisepad.ee\/sv\/","name":"Kivisepad","description":"","publisher":{"@id":"https:\/\/www.kivisepad.ee\/sv\/#organization"},"potentialAction":[{"@type":"SearchAction","target":{"@type":"EntryPoint","urlTemplate":"https:\/\/www.kivisepad.ee\/sv\/?s={search_term_string}"},"query-input":"required name=search_term_string"}],"inLanguage":"sv-SE"},{"@type":"ImageObject","@id":"https:\/\/www.kivisepad.ee\/sv\/kivi\/dekton-taga\/#primaryimage","inLanguage":"sv-SE","url":"https:\/\/www.kivisepad.ee\/wp-content\/uploads\/2026\/09\/Dekton-Taga.png","contentUrl":"https:\/\/www.kivisepad.ee\/wp-content\/uploads\/2026\/09\/Dekton-Taga.png","width":2186,"height":981,"caption":"Dekton Taga"},{"@type":"WebPage","@id":"https:\/\/www.kivisepad.ee\/sv\/kivi\/dekton-taga\/#webpage","url":"https:\/\/www.kivisepad.ee\/sv\/kivi\/dekton-taga\/","name":"Dekton Taga - Kivisepad","isPartOf":{"@id":"https:\/\/www.kivisepad.ee\/sv\/#website"},"primaryImageOfPage":{"@id":"https:\/\/www.kivisepad.ee\/sv\/kivi\/dekton-taga\/#primaryimage"},"datePublished":"2026-09-02T13:19:37+00:00","dateModified":"2026-09-02T13:19:37+00:00","description":"Dekton Taga \u00e4r en elegant keramisk yta med ett skiktat och naturligt m\u00f6nster i varma beige toner.","breadcrumb":{"@id":"https:\/\/www.kivisepad.ee\/sv\/kivi\/dekton-taga\/#breadcrumb"},"inLanguage":"sv-SE","potentialAction":[{"@type":"ReadAction","target":["https:\/\/www.kivisepad.ee\/sv\/kivi\/dekton-taga\/"]}]},{"@type":"BreadcrumbList","@id":"https:\/\/www.kivisepad.ee\/sv\/kivi\/dekton-taga\/#breadcrumb","itemListElement":[{"@type":"ListItem","position":1,"name":"Home","item":"https:\/\/www.kivisepad.ee\/sv\/"},{"@type":"ListItem","position":2,"name":"Dekton Taga"}]}]}},"_links":{"self":[{"href":"https:\/\/www.kivisepad.ee\/sv\/wp-json\/wp\/v2\/stones\/17605"}],"collection":[{"href":"https:\/\/www.kivisepad.ee\/sv\/wp-json\/wp\/v2\/stones"}],"about":[{"href":"https:\/\/www.kivisepad.ee\/sv\/wp-json\/wp\/v2\/types\/stones"}],"wp:featuredmedia":[{"embeddable":true,"href":"https:\/\/www.kivisepad.ee\/sv\/wp-json\/wp\/v2\/media\/17593"}],"wp:attachment":[{"href":"https:\/\/www.kivisepad.ee\/sv\/wp-json\/wp\/v2\/media?parent=17605"}],"wp:term":[{"taxonomy":"kivid_category","embeddable":true,"href":"https:\/\/www.kivisepad.ee\/sv\/wp-json\/wp\/v2\/kivid_category?post=17605"},{"taxonomy":"rakenduse_jargi","embeddable":true,"href":"https:\/\/www.kivisepad.ee\/sv\/wp-json\/wp\/v2\/rakenduse_jargi?post=17605"},{"taxonomy":"surface_treatment","embeddable":true,"href":"https:\/\/www.kivisepad.ee\/sv\/wp-json\/wp\/v2\/surface_treatment?post=17605"},{"taxonomy":"color","embeddable":true,"href":"https:\/\/www.kivisepad.ee\/sv\/wp-json\/wp\/v2\/color?post=17605"},{"taxonomy":"thickness","embeddable":true,"href":"https:\/\/www.kivisepad.ee\/sv\/wp-json\/wp\/v2\/thickness?post=17605"},{"taxonomy":"brand_category","embeddable":true,"href":"https:\/\/www.kivisepad.ee\/sv\/wp-json\/wp\/v2\/brand_category?post=17605"}],"curies":[{"name":"wp","href":"https:\/\/api.w.org\/{rel}","templated":true}]}}

<p>Dekton Taga är en elegant keramisk yta med ett skiktat och naturligt mönster i varma beige toner. Fina ådringar med marmorkänsla och subtila färgvariationer ger ytan djup och ett exklusivt uttryck. Tack vare sin lugna och sofistikerade design passar Taga utmärkt i eleganta och moderna interiörer.  </p>
<p class="PDq2pG_selectionAnchorContainer">Dektons keramiska ytor är utvecklade för intensiv daglig användning. Materialet har mycket god motståndskraft mot repor, fläckar, höga temperaturer och UV-strålning, vilket gör det lämpligt för både inom- och utomhusbruk. Tack vare sin höga slitstyrka och enkla skötsel är Dekton ett praktiskt val för olika bänkskivor, ytor och inredningsdetaljer.  </p>
<p>Stenen är endast tillgänglig på beställning!</p>

<!-- This site is optimized with the Yoast SEO plugin v17.4 - https://yoast.com/wordpress/plugins/seo/ -->
<title>Dekton Taga - Kivisepad</title>
<meta name="description" content="Dekton Taga är en elegant keramisk yta med ett skiktat och naturligt mönster i varma beige toner." />
<meta name="robots" content="index, follow, max-snippet:-1, max-image-preview:large, max-video-preview:-1" />
<link rel="canonical" href="https://www.kivisepad.ee/sv/kivi/dekton-taga/" />
<meta property="og:locale" content="sv_SE" />
<meta property="og:type" content="article" />
<meta property="og:title" content="Dekton Taga - Kivisepad" />
<meta property="og:description" content="Dekton Taga är en elegant keramisk yta med ett skiktat och naturligt mönster i varma beige toner." />
<meta property="og:url" content="https://www.kivisepad.ee/sv/kivi/dekton-taga/" />
<meta property="og:site_name" content="Kivisepad" />
<meta property="article:publisher" content="https://www.facebook.com/profile.php?id=100086398163667" />
<meta name="twitter:card" content="summary_large_image" />
<meta name="twitter:label1" content="Beräknad lästid" />
	<meta name="twitter:data1" content="1 minut" />
<script type="application/ld+json" class="yoast-schema-graph">{"@context":"https://schema.org","@graph":[{"@type":"Organization","@id":"https://www.kivisepad.ee/sv/#organization","name":"Kivisepad AS","url":"https://www.kivisepad.ee/sv/","sameAs":["https://www.facebook.com/profile.php?id=100086398163667","https://www.instagram.com/kivisepad/","https://www.linkedin.com/in/kivisepad-as-587552274/"],"logo":{"@type":"ImageObject","@id":"https://www.kivisepad.ee/sv/#logo","inLanguage":"sv-SE","url":"https://www.kivisepad.ee/wp-content/uploads/2021/10/cropped-Kivisepad_favicon.png","contentUrl":"https://www.kivisepad.ee/wp-content/uploads/2021/10/cropped-Kivisepad_favicon.png","width":512,"height":512,"caption":"Kivisepad AS"},"image":{"@id":"https://www.kivisepad.ee/sv/#logo"}},{"@type":"WebSite","@id":"https://www.kivisepad.ee/sv/#website","url":"https://www.kivisepad.ee/sv/","name":"Kivisepad","description":"","publisher":{"@id":"https://www.kivisepad.ee/sv/#organization"},"potentialAction":[{"@type":"SearchAction","target":{"@type":"EntryPoint","urlTemplate":"https://www.kivisepad.ee/sv/?s={search_term_string}"},"query-input":"required name=search_term_string"}],"inLanguage":"sv-SE"},{"@type":"ImageObject","@id":"https://www.kivisepad.ee/sv/kivi/dekton-taga/#primaryimage","inLanguage":"sv-SE","url":"https://www.kivisepad.ee/wp-content/uploads/2026/09/Dekton-Taga.png","contentUrl":"https://www.kivisepad.ee/wp-content/uploads/2026/09/Dekton-Taga.png","width":2186,"height":981,"caption":"Dekton Taga"},{"@type":"WebPage","@id":"https://www.kivisepad.ee/sv/kivi/dekton-taga/#webpage","url":"https://www.kivisepad.ee/sv/kivi/dekton-taga/","name":"Dekton Taga - Kivisepad","isPartOf":{"@id":"https://www.kivisepad.ee/sv/#website"},"primaryImageOfPage":{"@id":"https://www.kivisepad.ee/sv/kivi/dekton-taga/#primaryimage"},"datePublished":"2026-09-02T13:19:37+00:00","dateModified":"2026-09-02T13:19:37+00:00","description":"Dekton Taga \u00e4r en elegant keramisk yta med ett skiktat och naturligt m\u00f6nster i varma beige toner.","breadcrumb":{"@id":"https://www.kivisepad.ee/sv/kivi/dekton-taga/#breadcrumb"},"inLanguage":"sv-SE","potentialAction":[{"@type":"ReadAction","target":["https://www.kivisepad.ee/sv/kivi/dekton-taga/"]}]},{"@type":"BreadcrumbList","@id":"https://www.kivisepad.ee/sv/kivi/dekton-taga/#breadcrumb","itemListElement":[{"@type":"ListItem","position":1,"name":"Home","item":"https://www.kivisepad.ee/sv/"},{"@type":"ListItem","position":2,"name":"Dekton Taga"}]}]}</script>
<!-- / Yoast SEO plugin. -->

Dekton Taga är en elegant keramisk yta med ett skiktat och naturligt mönster i varma beige toner.
